{"id":20375,"date":"2025-10-29T13:13:12","date_gmt":"2025-10-29T13:13:12","guid":{"rendered":"https:\/\/naturelb.lu\/?page_id=20375"},"modified":"2025-11-18T16:13:18","modified_gmt":"2025-11-18T16:13:18","slug":"le-massage-signature-kobido","status":"publish","type":"page","link":"https:\/\/naturelb.lu\/?page_id=20375","title":{"rendered":"Le massage Kobido by M\u00e9lanie"},"content":{"rendered":"\t\t<div data-elementor-type=\"wp-page\" data-elementor-id=\"20375\" class=\"elementor elementor-20375\" data-elementor-settings=\"[]\">\n\t\t\t\t\t\t\t<div class=\"elementor-section-wrap\">\n\t\t\t\t\t\t\t<section class=\"elementor-section elementor-top-section elementor-element elementor-element-4d12e18 elementor-section-boxed elementor-section-height-default elementor-section-height-default edgtf-elementor-container-no edgtf-section edgtf-parallax-section-holder-touch-disabled edgtf-parallax-section-no\" data-id=\"4d12e18\" data-element_type=\"section\">\n\t\t\t\t\t\t<div class=\"elementor-container elementor-column-gap-default\">\n\t\t\t\t\t<div class=\"elementor-column elementor-col-25 elementor-top-column elementor-element elementor-element-7474387\" data-id=\"7474387\" data-element_type=\"column\">\n\t\t\t<div class=\"elementor-widget-wrap\">\n\t\t\t\t\t\t\t\t\t<\/div>\n\t\t<\/div>\n\t\t\t\t<div class=\"elementor-column elementor-col-25 elementor-top-column elementor-element elementor-element-813f417\" data-id=\"813f417\" data-element_type=\"column\">\n\t\t\t<div class=\"elementor-widget-wrap elementor-element-populated\">\n\t\t\t\t\t\t\t\t<div class=\"elementor-element elementor-element-d79ee42 elementor-widget elementor-widget-text-editor\" data-id=\"d79ee42\" data-element_type=\"widget\" data-widget_type=\"text-editor.default\">\n\t\t\t\t<div class=\"elementor-widget-container\">\n\t\t\t<style>\/*! elementor - v3.5.4 - 23-01-2022 *\/\n.elementor-widget-text-editor.elementor-drop-cap-view-stacked .elementor-drop-cap{background-color:#818a91;color:#fff}.elementor-widget-text-editor.elementor-drop-cap-view-framed .elementor-drop-cap{color:#818a91;border:3px solid;background-color:transparent}.elementor-widget-text-editor:not(.elementor-drop-cap-view-default) .elementor-drop-cap{margin-top:8px}.elementor-widget-text-editor:not(.elementor-drop-cap-view-default) .elementor-drop-cap-letter{width:1em;height:1em}.elementor-widget-text-editor .elementor-drop-cap{float:left;text-align:center;line-height:1;font-size:50px}.elementor-widget-text-editor .elementor-drop-cap-letter{display:inline-block}<\/style>\t\t\t\t<p>L\u2019art ancestral japonais du lifting naturel du visage<\/p>\n<p>Au centre Naturel Beaut\u00e9 by M\u00e9lanie, nous vous proposons le massage signature Kobido de 60 minutes, un rituel d\u2019exception venu du Japon, reconnu depuis des si\u00e8cles comme l\u2019un des secrets de beaut\u00e9 les mieux gard\u00e9s des imp\u00e9ratrices.<\/p><p>Le Kobido est bien plus qu\u2019un simple soin visage : c\u2019est un massage profond, raffin\u00e9 et \u00e9nerg\u00e9tique qui allie gestes pr\u00e9cis, techniques de stimulation musculaire, pressions digitales et man\u0153uvres drainantes. V\u00e9ritable art du rajeunissement naturel, il agit simultan\u00e9ment sur la beaut\u00e9 de la peau, la tonicit\u00e9 musculaire et l\u2019harmonie int\u00e9rieure.<\/p>\t\t\t\t\t\t<\/div>\n\t\t\t\t<\/div>\n\t\t\t\t\t<\/div>\n\t\t<\/div>\n\t\t\t\t<div class=\"elementor-column elementor-col-25 elementor-top-column elementor-element elementor-element-769c770\" data-id=\"769c770\" data-element_type=\"column\">\n\t\t\t<div class=\"elementor-widget-wrap elementor-element-populated\">\n\t\t\t\t\t\t\t\t<div class=\"elementor-element elementor-element-d91db4d elementor-widget elementor-widget-image\" data-id=\"d91db4d\" data-element_type=\"widget\" data-widget_type=\"image.default\">\n\t\t\t\t<div class=\"elementor-widget-container\">\n\t\t\t<style>\/*! elementor - v3.5.4 - 23-01-2022 *\/\n.elementor-widget-image{text-align:center}.elementor-widget-image a{display:inline-block}.elementor-widget-image a img[src$=\".svg\"]{width:48px}.elementor-widget-image img{vertical-align:middle;display:inline-block}<\/style>\t\t\t\t\t\t\t\t\t\t\t\t<img width=\"1000\" height=\"1000\" src=\"https:\/\/naturelb.lu\/wp-content\/uploads\/2025\/10\/kobido.jpeg\" class=\"attachment-large size-large\" alt=\"\" loading=\"lazy\" srcset=\"https:\/\/naturelb.lu\/wp-content\/uploads\/2025\/10\/kobido.jpeg 1000w, https:\/\/naturelb.lu\/wp-content\/uploads\/2025\/10\/kobido-640x640.jpeg 640w, https:\/\/naturelb.lu\/wp-content\/uploads\/2025\/10\/kobido-160x160.jpeg 160w, https:\/\/naturelb.lu\/wp-content\/uploads\/2025\/10\/kobido-768x768.jpeg 768w, https:\/\/naturelb.lu\/wp-content\/uploads\/2025\/10\/kobido-550x550.jpeg 550w\" sizes=\"(max-width: 1000px) 100vw, 1000px\" \/>\t\t\t\t\t\t\t\t\t\t\t\t\t\t\t<\/div>\n\t\t\t\t<\/div>\n\t\t\t\t\t<\/div>\n\t\t<\/div>\n\t\t\t\t<div class=\"elementor-column elementor-col-25 elementor-top-column elementor-element elementor-element-6ddc9d3\" data-id=\"6ddc9d3\" data-element_type=\"column\">\n\t\t\t<div class=\"elementor-widget-wrap\">\n\t\t\t\t\t\t\t\t\t<\/div>\n\t\t<\/div>\n\t\t\t\t\t\t\t<\/div>\n\t\t<\/section>\n\t\t\t\t<section class=\"elementor-section elementor-top-section elementor-element elementor-element-00bc47b elementor-section-boxed elementor-section-height-default elementor-section-height-default edgtf-elementor-container-no edgtf-section edgtf-parallax-section-holder-touch-disabled edgtf-parallax-section-no\" data-id=\"00bc47b\" data-element_type=\"section\" data-settings=\"{&quot;background_background&quot;:&quot;classic&quot;}\">\n\t\t\t\t\t\t<div class=\"elementor-container elementor-column-gap-default\">\n\t\t\t\t\t<div class=\"elementor-column elementor-col-100 elementor-top-column elementor-element elementor-element-33cf694\" data-id=\"33cf694\" data-element_type=\"column\" data-settings=\"{&quot;background_background&quot;:&quot;classic&quot;}\">\n\t\t\t<div class=\"elementor-widget-wrap elementor-element-populated\">\n\t\t\t\t\t\t\t\t<div class=\"elementor-element elementor-element-c583a9e elementor-widget elementor-widget-edgtf_call_to_action\" data-id=\"c583a9e\" data-element_type=\"widget\" data-widget_type=\"edgtf_call_to_action.default\">\n\t\t\t\t<div class=\"elementor-widget-container\">\n\t\t\t\t<div class=\"edgtf-container-inner\">\n\t<div class=\"edgtf-call-to-action normal\" style=\"background-color: #FCBF48;\">\n\n\t\t\t\t\t<div class=\"edgtf-call-to-action-row-75-25 clearfix\" >\n\t\t\t\t\t\t<div class=\"edgtf-text-wrapper \">\n\t\t\t\t\t<div class=\"edgtf-call-to-action-text\" style=\"text-align: center\"><p><span style=\"color: #ffffff;\">Les bienfaits du massage Kobido<\/span><\/p>\t\t\t\t\t\t\t\t\t\t\t<\/div>\n\t\t\t\t<\/div>\n\n\t\t\t\t\t\t\t<\/div>\n\t\t\t<\/div>\n\t<\/div>\n\t\t<\/div>\n\t\t\t\t<\/div>\n\t\t\t\t\t<\/div>\n\t\t<\/div>\n\t\t\t\t\t\t\t<\/div>\n\t\t<\/section>\n\t\t\t\t<section class=\"elementor-section elementor-top-section elementor-element elementor-element-a9edd71 elementor-section-boxed elementor-section-height-default elementor-section-height-default edgtf-elementor-container-no edgtf-section edgtf-parallax-section-holder-touch-disabled edgtf-parallax-section-no\" data-id=\"a9edd71\" data-element_type=\"section\">\n\t\t\t\t\t\t<div class=\"elementor-container elementor-column-gap-default\">\n\t\t\t\t\t<div class=\"elementor-column elementor-col-100 elementor-top-column elementor-element elementor-element-dbcc574\" data-id=\"dbcc574\" data-element_type=\"column\">\n\t\t\t<div class=\"elementor-widget-wrap elementor-element-populated\">\n\t\t\t\t\t\t\t\t<div class=\"elementor-element elementor-element-97b5de2 elementor-widget elementor-widget-text-editor\" data-id=\"97b5de2\" data-element_type=\"widget\" data-widget_type=\"text-editor.default\">\n\t\t\t\t<div class=\"elementor-widget-container\">\n\t\t\t\t\t\t\t<ul><li>Effet liftant naturel : les traits du visage sont redessin\u00e9s, les muscles raffermis, l\u2019ovale du visage se tonifie.<\/li><\/ul><ul><li>Stimulation de la circulation sanguine et lymphatique : la peau est mieux oxyg\u00e9n\u00e9e, le teint retrouve tout son \u00e9clat.<\/li><\/ul><ul><li>Production de collag\u00e8ne et d\u2019\u00e9lastine : la peau devient plus ferme, plus souple et gagne en luminosit\u00e9.<\/li><\/ul><ul><li>Lissage des rides et ridules : par la stimulation des tissus en profondeur, les marques du temps s\u2019estompent.<\/li><\/ul><ul><li>Bien-\u00eatre global : au-del\u00e0 de l\u2019action esth\u00e9tique, ce massage procure une profonde d\u00e9tente, lib\u00e8re les tensions accumul\u00e9es et favorise une meilleure \u00e9nergie vitale.<\/li><\/ul>\t\t\t\t\t\t<\/div>\n\t\t\t\t<\/div>\n\t\t\t\t\t<\/div>\n\t\t<\/div>\n\t\t\t\t\t\t\t<\/div>\n\t\t<\/section>\n\t\t\t\t<section class=\"elementor-section elementor-top-section elementor-element elementor-element-d0677f7 elementor-section-boxed elementor-section-height-default elementor-section-height-default edgtf-elementor-container-no edgtf-section edgtf-parallax-section-holder-touch-disabled edgtf-parallax-section-no\" data-id=\"d0677f7\" data-element_type=\"section\" data-settings=\"{&quot;background_background&quot;:&quot;classic&quot;}\">\n\t\t\t\t\t\t<div class=\"elementor-container elementor-column-gap-default\">\n\t\t\t\t\t<div class=\"elementor-column elementor-col-100 elementor-top-column elementor-element elementor-element-96b7af0\" data-id=\"96b7af0\" data-element_type=\"column\" data-settings=\"{&quot;background_background&quot;:&quot;classic&quot;}\">\n\t\t\t<div class=\"elementor-widget-wrap elementor-element-populated\">\n\t\t\t\t\t\t\t\t<div class=\"elementor-element elementor-element-aba57bd elementor-widget elementor-widget-edgtf_call_to_action\" data-id=\"aba57bd\" data-element_type=\"widget\" data-widget_type=\"edgtf_call_to_action.default\">\n\t\t\t\t<div class=\"elementor-widget-container\">\n\t\t\t\t<div class=\"edgtf-container-inner\">\n\t<div class=\"edgtf-call-to-action normal\" style=\"background-color: #FCBF48;\">\n\n\t\t\t\t\t<div class=\"edgtf-call-to-action-row-75-25 clearfix\" >\n\t\t\t\t\t\t<div class=\"edgtf-text-wrapper \">\n\t\t\t\t\t<div class=\"edgtf-call-to-action-text\" style=\"text-align: center\"><p><span style=\"color: #ffffff;\">Un rituel d\u2019exception au service de votre beaut\u00e9<\/span><\/p>\t\t\t\t\t\t\t\t\t\t\t<\/div>\n\t\t\t\t<\/div>\n\n\t\t\t\t\t\t\t<\/div>\n\t\t\t<\/div>\n\t<\/div>\n\t\t<\/div>\n\t\t\t\t<\/div>\n\t\t\t\t\t<\/div>\n\t\t<\/div>\n\t\t\t\t\t\t\t<\/div>\n\t\t<\/section>\n\t\t\t\t<section class=\"elementor-section elementor-top-section elementor-element elementor-element-0601bd0 elementor-section-boxed elementor-section-height-default elementor-section-height-default edgtf-elementor-container-no edgtf-section edgtf-parallax-section-holder-touch-disabled edgtf-parallax-section-no\" data-id=\"0601bd0\" data-element_type=\"section\">\n\t\t\t\t\t\t<div class=\"elementor-container elementor-column-gap-default\">\n\t\t\t\t\t<div class=\"elementor-column elementor-col-100 elementor-top-column elementor-element elementor-element-a369a6c\" data-id=\"a369a6c\" data-element_type=\"column\">\n\t\t\t<div class=\"elementor-widget-wrap elementor-element-populated\">\n\t\t\t\t\t\t\t\t<div class=\"elementor-element elementor-element-1a59a07 elementor-widget elementor-widget-text-editor\" data-id=\"1a59a07\" data-element_type=\"widget\" data-widget_type=\"text-editor.default\">\n\t\t\t\t<div class=\"elementor-widget-container\">\n\t\t\t\t\t\t\t<p>En choisissant ce soin, vous vous offrez :<\/p><ul><li>Une alternance de man\u0153uvres lentes et rapides, pour un \u00e9quilibre entre d\u00e9tente et stimulation.<\/li><\/ul><ul><li>Un lifting naturel sans chirurgie ni injections, respectueux de votre beaut\u00e9 et de votre singularit\u00e9.<\/li><\/ul><ul><li>Un moment privil\u00e9gi\u00e9 pour vous reconnecter \u00e0 vous-m\u00eame, alliant esth\u00e9tique et bien-\u00eatre.<\/li><\/ul>\t\t\t\t\t\t<\/div>\n\t\t\t\t<\/div>\n\t\t\t\t\t<\/div>\n\t\t<\/div>\n\t\t\t\t\t\t\t<\/div>\n\t\t<\/section>\n\t\t\t\t<section class=\"elementor-section elementor-top-section elementor-element elementor-element-140d1ca elementor-section-boxed elementor-section-height-default elementor-section-height-default edgtf-elementor-container-no edgtf-section edgtf-parallax-section-holder-touch-disabled edgtf-parallax-section-no\" data-id=\"140d1ca\" data-element_type=\"section\" data-settings=\"{&quot;background_background&quot;:&quot;classic&quot;}\">\n\t\t\t\t\t\t<div class=\"elementor-container elementor-column-gap-default\">\n\t\t\t\t\t<div class=\"elementor-column elementor-col-100 elementor-top-column elementor-element elementor-element-15c153d\" data-id=\"15c153d\" data-element_type=\"column\" data-settings=\"{&quot;background_background&quot;:&quot;classic&quot;}\">\n\t\t\t<div class=\"elementor-widget-wrap elementor-element-populated\">\n\t\t\t\t\t\t\t\t<div class=\"elementor-element elementor-element-28e4025 elementor-widget elementor-widget-edgtf_call_to_action\" data-id=\"28e4025\" data-element_type=\"widget\" data-widget_type=\"edgtf_call_to_action.default\">\n\t\t\t\t<div class=\"elementor-widget-container\">\n\t\t\t\t<div class=\"edgtf-container-inner\">\n\t<div class=\"edgtf-call-to-action normal\" style=\"background-color: #FCBF48;\">\n\n\t\t\t\t\t<div class=\"edgtf-call-to-action-row-75-25 clearfix\" >\n\t\t\t\t\t\t<div class=\"edgtf-text-wrapper \">\n\t\t\t\t\t<div class=\"edgtf-call-to-action-text\" style=\"text-align: center\"><p><span style=\"color: #ffffff;\">Pour qui est fait le Kobido ?<\/span><\/p>\t\t\t\t\t\t\t\t\t\t\t<\/div>\n\t\t\t\t<\/div>\n\n\t\t\t\t\t\t\t<\/div>\n\t\t\t<\/div>\n\t<\/div>\n\t\t<\/div>\n\t\t\t\t<\/div>\n\t\t\t\t\t<\/div>\n\t\t<\/div>\n\t\t\t\t\t\t\t<\/div>\n\t\t<\/section>\n\t\t\t\t<section class=\"elementor-section elementor-top-section elementor-element elementor-element-b7fd929 elementor-section-boxed elementor-section-height-default elementor-section-height-default edgtf-elementor-container-no edgtf-section edgtf-parallax-section-holder-touch-disabled edgtf-parallax-section-no\" data-id=\"b7fd929\" data-element_type=\"section\">\n\t\t\t\t\t\t<div class=\"elementor-container elementor-column-gap-default\">\n\t\t\t\t\t<div class=\"elementor-column elementor-col-100 elementor-top-column elementor-element elementor-element-e9f04b8\" data-id=\"e9f04b8\" data-element_type=\"column\">\n\t\t\t<div class=\"elementor-widget-wrap elementor-element-populated\">\n\t\t\t\t\t\t\t\t<section class=\"elementor-section elementor-inner-section elementor-element elementor-element-7e76a00 elementor-section-boxed elementor-section-height-default elementor-section-height-default edgtf-elementor-container-no edgtf-section edgtf-parallax-section-holder-touch-disabled edgtf-parallax-section-no\" data-id=\"7e76a00\" data-element_type=\"section\">\n\t\t\t\t\t\t<div class=\"elementor-container elementor-column-gap-default\">\n\t\t\t\t\t<div class=\"elementor-column elementor-col-50 elementor-inner-column elementor-element elementor-element-14ee780\" data-id=\"14ee780\" data-element_type=\"column\">\n\t\t\t<div class=\"elementor-widget-wrap elementor-element-populated\">\n\t\t\t\t\t\t\t\t<div class=\"elementor-element elementor-element-00245eb elementor-widget elementor-widget-text-editor\" data-id=\"00245eb\" data-element_type=\"widget\" data-widget_type=\"text-editor.default\">\n\t\t\t\t<div class=\"elementor-widget-container\">\n\t\t\t\t\t\t\t<p>Le massage Kobido convient \u00e0 toutes les femmes qui souhaitent :<\/p><ul><li>Pr\u00e9server la jeunesse et l\u2019\u00e9clat de leur peau de mani\u00e8re naturelle.<\/li><\/ul><ul><li>Lisser leurs rides et redonner de la fermet\u00e9 \u00e0 leur visage.<\/li><\/ul><ul><li>Retrouver un teint lumineux et repos\u00e9.<\/li><\/ul><ul><li>S\u2019offrir une parenth\u00e8se de d\u00e9tente profonde, loin du stress du quotidien.<\/li><\/ul><ul><li>Offrez \u00e0 votre visage l\u2019excellence du Kobido<\/li><\/ul><p>\u00c0 travers ce rituel ancestral, je mets toute ma passion et mon expertise \u00e0 votre service pour sublimer votre beaut\u00e9 naturelle et vous offrir un soin unique, entre lifting manuel et voyage sensoriel.<\/p><p>Venez d\u00e9couvrir le massage signature Kobido au centre Naturel Beaut\u00e9 by M\u00e9lanie : une exp\u00e9rience inoubliable, \u00e0 la crois\u00e9e du soin esth\u00e9tique et du bien-\u00eatre profond.<\/p>\t\t\t\t\t\t<\/div>\n\t\t\t\t<\/div>\n\t\t\t\t\t<\/div>\n\t\t<\/div>\n\t\t\t\t<div class=\"elementor-column elementor-col-50 elementor-inner-column elementor-element elementor-element-f1cea93\" data-id=\"f1cea93\" data-element_type=\"column\">\n\t\t\t<div class=\"elementor-widget-wrap elementor-element-populated\">\n\t\t\t\t\t\t\t\t<div class=\"elementor-element elementor-element-a83e84e elementor-widget elementor-widget-image\" data-id=\"a83e84e\" data-element_type=\"widget\" data-widget_type=\"image.default\">\n\t\t\t\t<div class=\"elementor-widget-container\">\n\t\t\t\t\t\t\t\t\t\t\t\t\t\t\t<img width=\"800\" height=\"600\" src=\"https:\/\/naturelb.lu\/wp-content\/uploads\/2025\/10\/MassageK.jpg\" class=\"attachment-large size-large\" alt=\"\" loading=\"lazy\" srcset=\"https:\/\/naturelb.lu\/wp-content\/uploads\/2025\/10\/MassageK.jpg 800w, https:\/\/naturelb.lu\/wp-content\/uploads\/2025\/10\/MassageK-640x480.jpg 640w, https:\/\/naturelb.lu\/wp-content\/uploads\/2025\/10\/MassageK-768x576.jpg 768w\" sizes=\"(max-width: 800px) 100vw, 800px\" \/>\t\t\t\t\t\t\t\t\t\t\t\t\t\t\t<\/div>\n\t\t\t\t<\/div>\n\t\t\t\t\t<\/div>\n\t\t<\/div>\n\t\t\t\t\t\t\t<\/div>\n\t\t<\/section>\n\t\t\t\t\t<\/div>\n\t\t<\/div>\n\t\t\t\t\t\t\t<\/div>\n\t\t<\/section>\n\t\t\t\t<section class=\"elementor-section elementor-top-section elementor-element elementor-element-cbf874a elementor-section-boxed elementor-section-height-default elementor-section-height-default edgtf-elementor-container-no edgtf-section edgtf-parallax-section-holder-touch-disabled edgtf-parallax-section-no\" data-id=\"cbf874a\" data-element_type=\"section\">\n\t\t\t\t\t\t<div class=\"elementor-container elementor-column-gap-default\">\n\t\t\t\t\t<div class=\"elementor-column elementor-col-100 elementor-top-column elementor-element elementor-element-d887258\" data-id=\"d887258\" data-element_type=\"column\">\n\t\t\t<div class=\"elementor-widget-wrap\">\n\t\t\t\t\t\t\t\t\t<\/div>\n\t\t<\/div>\n\t\t\t\t\t\t\t<\/div>\n\t\t<\/section>\n\t\t\t\t<section class=\"elementor-section elementor-top-section elementor-element elementor-element-ddcdeb0 elementor-section-boxed elementor-section-height-default elementor-section-height-default edgtf-elementor-container-no edgtf-section edgtf-parallax-section-holder-touch-disabled edgtf-parallax-section-no\" data-id=\"ddcdeb0\" data-element_type=\"section\" data-settings=\"{&quot;background_background&quot;:&quot;classic&quot;}\">\n\t\t\t\t\t\t<div class=\"elementor-container elementor-column-gap-default\">\n\t\t\t\t\t<div class=\"elementor-column elementor-col-100 elementor-top-column elementor-element elementor-element-f02af88\" data-id=\"f02af88\" data-element_type=\"column\" data-settings=\"{&quot;background_background&quot;:&quot;classic&quot;}\">\n\t\t\t<div class=\"elementor-widget-wrap elementor-element-populated\">\n\t\t\t\t\t\t\t\t<div class=\"elementor-element elementor-element-f7db8fb elementor-widget elementor-widget-edgtf_call_to_action\" data-id=\"f7db8fb\" data-element_type=\"widget\" data-widget_type=\"edgtf_call_to_action.default\">\n\t\t\t\t<div class=\"elementor-widget-container\">\n\t\t\t\t<div class=\"edgtf-container-inner\">\n\t<div class=\"edgtf-call-to-action normal\" style=\"background-color: #FCBF48;\">\n\n\t\t\t\t\t<div class=\"edgtf-call-to-action-row-75-25 clearfix\" >\n\t\t\t\t\t\t<div class=\"edgtf-text-wrapper edgtf-call-to-action-column1 edgtf-call-to-action-cell \">\n\t\t\t\t\t<div class=\"edgtf-call-to-action-text\" style=\"text-align: center\"><h2 style=\"text-align: left;\"><span style=\"color: #ffffff;\">Inscrivez-vous \u00e0 notre newsletter<\/span><\/h2>\t\t\t\t\t\t\t\t\t\t\t<\/div>\n\t\t\t\t<\/div>\n\n\t\t\t\t\t\t\t\t\t<div class=\"edgtf-button-wrapper edgtf-call-to-action-column2 edgtf-call-to-action-cell\" style =\"text-align:  ;\">\n\t\t\t\t\t\t<a itemprop=\"url\" href=\"http:\/\/naturelb.lu\/?page_id=19141\" target=\"_blank\" style=\"color: #FFFFFF;background-color: #FCBF48;border-color: #FFFFFF\" class=\"edgtf-btn edgtf-btn-medium edgtf-btn-solid edgtf-btn-custom-hover-bg edgtf-btn-custom-hover-color\" data-hover-bg-color=\"#FFFFFF\" data-hover-color=\"#212121\" >\t<span class=\"edgtf-btn-text\">Inscription<\/span>    <\/a>\t\t\t\t\t<\/div>\n\t\t\t\t\t\t\t<\/div>\n\t\t\t<\/div>\n\t<\/div>\n\t\t<\/div>\n\t\t\t\t<\/div>\n\t\t\t\t\t<\/div>\n\t\t<\/div>\n\t\t\t\t\t\t\t<\/div>\n\t\t<\/section>\n\t\t\t\t\t\t<\/div>\n\t\t\t\t\t<\/div>\n\t\t","protected":false},"excerpt":{"rendered":"<p>L\u2019art ancestral japonais du lifting naturel du visage Au centre Naturel Beaut\u00e9 by M\u00e9lanie, nous vous proposons le massage signature Kobido de 60 minutes, un rituel d\u2019exception venu du Japon, reconnu depuis des si\u00e8cles comme l\u2019un des secrets de beaut\u00e9 les mieux gard\u00e9s des imp\u00e9ratrices. Le Kobido est bien plus qu\u2019un simple soin visage :&#8230;<\/p>\n","protected":false},"author":2,"featured_media":0,"parent":0,"menu_order":0,"comment_status":"closed","ping_status":"closed","template":"","meta":[],"yoast_head":"<!-- This site is optimized with the Yoast SEO plugin v19.13 - https:\/\/yoast.com\/wordpress\/plugins\/seo\/ -->\n<title>Le massage Kobido by M\u00e9lanie - Institut Naturel Beaut\u00e9<\/title>\n<meta name=\"robots\" content=\"index, follow, max-snippet:-1, max-image-preview:large, max-video-preview:-1\" \/>\n<link rel=\"canonical\" href=\"https:\/\/naturelb.lu\/?page_id=20375\" \/>\n<meta property=\"og:locale\" content=\"en_US\" \/>\n<meta property=\"og:type\" content=\"article\" \/>\n<meta property=\"og:title\" content=\"Le massage Kobido by M\u00e9lanie - Institut Naturel Beaut\u00e9\" \/>\n<meta property=\"og:description\" content=\"L\u2019art ancestral japonais du lifting naturel du visage Au centre Naturel Beaut\u00e9 by M\u00e9lanie, nous vous proposons le massage signature Kobido de 60 minutes, un rituel d\u2019exception venu du Japon, reconnu depuis des si\u00e8cles comme l\u2019un des secrets de beaut\u00e9 les mieux gard\u00e9s des imp\u00e9ratrices. Le Kobido est bien plus qu\u2019un simple soin visage :...\" \/>\n<meta property=\"og:url\" content=\"https:\/\/naturelb.lu\/?page_id=20375\" \/>\n<meta property=\"og:site_name\" content=\"Institut Naturel Beaut\u00e9\" \/>\n<meta property=\"article:modified_time\" content=\"2025-11-18T16:13:18+00:00\" \/>\n<meta property=\"og:image\" content=\"https:\/\/naturelb.lu\/wp-content\/uploads\/2025\/10\/kobido.jpeg\" \/>\n<meta name=\"twitter:card\" content=\"summary_large_image\" \/>\n<meta name=\"twitter:label1\" content=\"Est. reading time\" \/>\n\t<meta name=\"twitter:data1\" content=\"3 minutes\" \/>\n<script type=\"application\/ld+json\" class=\"yoast-schema-graph\">{\"@context\":\"https:\/\/schema.org\",\"@graph\":[{\"@type\":\"WebPage\",\"@id\":\"https:\/\/naturelb.lu\/?page_id=20375\",\"url\":\"https:\/\/naturelb.lu\/?page_id=20375\",\"name\":\"Le massage Kobido by M\u00e9lanie - Institut Naturel Beaut\u00e9\",\"isPartOf\":{\"@id\":\"https:\/\/naturelb.lu\/#website\"},\"datePublished\":\"2025-10-29T13:13:12+00:00\",\"dateModified\":\"2025-11-18T16:13:18+00:00\",\"breadcrumb\":{\"@id\":\"https:\/\/naturelb.lu\/?page_id=20375#breadcrumb\"},\"inLanguage\":\"en-US\",\"potentialAction\":[{\"@type\":\"ReadAction\",\"target\":[\"https:\/\/naturelb.lu\/?page_id=20375\"]}]},{\"@type\":\"BreadcrumbList\",\"@id\":\"https:\/\/naturelb.lu\/?page_id=20375#breadcrumb\",\"itemListElement\":[{\"@type\":\"ListItem\",\"position\":1,\"name\":\"Accueil\",\"item\":\"https:\/\/naturelb.lu\/\"},{\"@type\":\"ListItem\",\"position\":2,\"name\":\"Le massage Kobido by M\u00e9lanie\"}]},{\"@type\":\"WebSite\",\"@id\":\"https:\/\/naturelb.lu\/#website\",\"url\":\"https:\/\/naturelb.lu\/\",\"name\":\"Institut Naturel Beaut\u00e9\",\"description\":\"\",\"potentialAction\":[{\"@type\":\"SearchAction\",\"target\":{\"@type\":\"EntryPoint\",\"urlTemplate\":\"https:\/\/naturelb.lu\/?s={search_term_string}\"},\"query-input\":\"required name=search_term_string\"}],\"inLanguage\":\"en-US\"}]}<\/script>\n<!-- \/ Yoast SEO plugin. -->","yoast_head_json":{"title":"Le massage Kobido by M\u00e9lanie - Institut Naturel Beaut\u00e9","robots":{"index":"index","follow":"follow","max-snippet":"max-snippet:-1","max-image-preview":"max-image-preview:large","max-video-preview":"max-video-preview:-1"},"canonical":"https:\/\/naturelb.lu\/?page_id=20375","og_locale":"en_US","og_type":"article","og_title":"Le massage Kobido by M\u00e9lanie - Institut Naturel Beaut\u00e9","og_description":"L\u2019art ancestral japonais du lifting naturel du visage Au centre Naturel Beaut\u00e9 by M\u00e9lanie, nous vous proposons le massage signature Kobido de 60 minutes, un rituel d\u2019exception venu du Japon, reconnu depuis des si\u00e8cles comme l\u2019un des secrets de beaut\u00e9 les mieux gard\u00e9s des imp\u00e9ratrices. Le Kobido est bien plus qu\u2019un simple soin visage :...","og_url":"https:\/\/naturelb.lu\/?page_id=20375","og_site_name":"Institut Naturel Beaut\u00e9","article_modified_time":"2025-11-18T16:13:18+00:00","og_image":[{"url":"https:\/\/naturelb.lu\/wp-content\/uploads\/2025\/10\/kobido.jpeg"}],"twitter_card":"summary_large_image","twitter_misc":{"Est. reading time":"3 minutes"},"schema":{"@context":"https:\/\/schema.org","@graph":[{"@type":"WebPage","@id":"https:\/\/naturelb.lu\/?page_id=20375","url":"https:\/\/naturelb.lu\/?page_id=20375","name":"Le massage Kobido by M\u00e9lanie - Institut Naturel Beaut\u00e9","isPartOf":{"@id":"https:\/\/naturelb.lu\/#website"},"datePublished":"2025-10-29T13:13:12+00:00","dateModified":"2025-11-18T16:13:18+00:00","breadcrumb":{"@id":"https:\/\/naturelb.lu\/?page_id=20375#breadcrumb"},"inLanguage":"en-US","potentialAction":[{"@type":"ReadAction","target":["https:\/\/naturelb.lu\/?page_id=20375"]}]},{"@type":"BreadcrumbList","@id":"https:\/\/naturelb.lu\/?page_id=20375#breadcrumb","itemListElement":[{"@type":"ListItem","position":1,"name":"Accueil","item":"https:\/\/naturelb.lu\/"},{"@type":"ListItem","position":2,"name":"Le massage Kobido by M\u00e9lanie"}]},{"@type":"WebSite","@id":"https:\/\/naturelb.lu\/#website","url":"https:\/\/naturelb.lu\/","name":"Institut Naturel Beaut\u00e9","description":"","potentialAction":[{"@type":"SearchAction","target":{"@type":"EntryPoint","urlTemplate":"https:\/\/naturelb.lu\/?s={search_term_string}"},"query-input":"required name=search_term_string"}],"inLanguage":"en-US"}]}},"_links":{"self":[{"href":"https:\/\/naturelb.lu\/index.php?rest_route=\/wp\/v2\/pages\/20375"}],"collection":[{"href":"https:\/\/naturelb.lu\/index.php?rest_route=\/wp\/v2\/pages"}],"about":[{"href":"https:\/\/naturelb.lu\/index.php?rest_route=\/wp\/v2\/types\/page"}],"author":[{"embeddable":true,"href":"https:\/\/naturelb.lu\/index.php?rest_route=\/wp\/v2\/users\/2"}],"replies":[{"embeddable":true,"href":"https:\/\/naturelb.lu\/index.php?rest_route=%2Fwp%2Fv2%2Fcomments&post=20375"}],"version-history":[{"count":32,"href":"https:\/\/naturelb.lu\/index.php?rest_route=\/wp\/v2\/pages\/20375\/revisions"}],"predecessor-version":[{"id":20583,"href":"https:\/\/naturelb.lu\/index.php?rest_route=\/wp\/v2\/pages\/20375\/revisions\/20583"}],"wp:attachment":[{"href":"https:\/\/naturelb.lu\/index.php?rest_route=%2Fwp%2Fv2%2Fmedia&parent=20375"}],"curies":[{"name":"wp","href":"https:\/\/api.w.org\/{rel}","templated":true}]}}