{"id":20520,"date":"2025-11-14T10:42:01","date_gmt":"2025-11-14T10:42:01","guid":{"rendered":"https:\/\/naturelb.lu\/?page_id=20520"},"modified":"2025-11-18T16:10:39","modified_gmt":"2025-11-18T16:10:39","slug":"les-cours-de-yoga-danse-laissez-le-mouvement-vous-reveler","status":"publish","type":"page","link":"https:\/\/naturelb.lu\/?page_id=20520","title":{"rendered":"Les cours de Yoga Danse"},"content":{"rendered":"\t\t<div data-elementor-type=\"wp-page\" data-elementor-id=\"20520\" class=\"elementor elementor-20520\" data-elementor-settings=\"[]\">\n\t\t\t\t\t\t\t<div class=\"elementor-section-wrap\">\n\t\t\t\t\t\t\t<section class=\"elementor-section elementor-top-section elementor-element elementor-element-f2f61ba elementor-section-boxed elementor-section-height-default elementor-section-height-default edgtf-elementor-container-no edgtf-section edgtf-parallax-section-holder-touch-disabled edgtf-parallax-section-no\" data-id=\"f2f61ba\" data-element_type=\"section\">\n\t\t\t\t\t\t<div class=\"elementor-container elementor-column-gap-default\">\n\t\t\t\t\t<div class=\"elementor-column elementor-col-100 elementor-top-column elementor-element elementor-element-60059e4\" data-id=\"60059e4\" data-element_type=\"column\">\n\t\t\t<div class=\"elementor-widget-wrap elementor-element-populated\">\n\t\t\t\t\t\t\t\t<div class=\"elementor-element elementor-element-a612ec6 elementor-widget elementor-widget-text-editor\" data-id=\"a612ec6\" data-element_type=\"widget\" data-widget_type=\"text-editor.default\">\n\t\t\t\t<div class=\"elementor-widget-container\">\n\t\t\t<style>\/*! elementor - v3.5.4 - 23-01-2022 *\/\n.elementor-widget-text-editor.elementor-drop-cap-view-stacked .elementor-drop-cap{background-color:#818a91;color:#fff}.elementor-widget-text-editor.elementor-drop-cap-view-framed .elementor-drop-cap{color:#818a91;border:3px solid;background-color:transparent}.elementor-widget-text-editor:not(.elementor-drop-cap-view-default) .elementor-drop-cap{margin-top:8px}.elementor-widget-text-editor:not(.elementor-drop-cap-view-default) .elementor-drop-cap-letter{width:1em;height:1em}.elementor-widget-text-editor .elementor-drop-cap{float:left;text-align:center;line-height:1;font-size:50px}.elementor-widget-text-editor .elementor-drop-cap-letter{display:inline-block}<\/style>\t\t\t\t<p>Le Yoga Danse est une pratique douce et lib\u00e9ratrice qui allie le souffle, la musique et le mouvement spontan\u00e9 du corps. Guid\u00e9 par Maud, professeur de danse et de yoga, chaque cours devient un voyage int\u00e9rieur, une exp\u00e9rience unique o\u00f9 l\u2019on se reconnecte \u00e0 soi-m\u00eame dans la fluidit\u00e9 et la joie.<\/p>\t\t\t\t\t\t<\/div>\n\t\t\t\t<\/div>\n\t\t\t\t\t<\/div>\n\t\t<\/div>\n\t\t\t\t\t\t\t<\/div>\n\t\t<\/section>\n\t\t\t\t<section class=\"elementor-section elementor-top-section elementor-element elementor-element-00bc47b elementor-section-boxed elementor-section-height-default elementor-section-height-default edgtf-elementor-container-no edgtf-section edgtf-parallax-section-holder-touch-disabled edgtf-parallax-section-no\" data-id=\"00bc47b\" data-element_type=\"section\" data-settings=\"{&quot;background_background&quot;:&quot;classic&quot;}\">\n\t\t\t\t\t\t<div class=\"elementor-container elementor-column-gap-default\">\n\t\t\t\t\t<div class=\"elementor-column elementor-col-100 elementor-top-column elementor-element elementor-element-33cf694\" data-id=\"33cf694\" data-element_type=\"column\" data-settings=\"{&quot;background_background&quot;:&quot;classic&quot;}\">\n\t\t\t<div class=\"elementor-widget-wrap elementor-element-populated\">\n\t\t\t\t\t\t\t\t<div class=\"elementor-element elementor-element-c583a9e elementor-widget elementor-widget-edgtf_call_to_action\" data-id=\"c583a9e\" data-element_type=\"widget\" data-widget_type=\"edgtf_call_to_action.default\">\n\t\t\t\t<div class=\"elementor-widget-container\">\n\t\t\t\t<div class=\"edgtf-container-inner\">\n\t<div class=\"edgtf-call-to-action normal\" style=\"background-color: #FCBF48;\">\n\n\t\t\t\t\t<div class=\"edgtf-call-to-action-row-75-25 clearfix\" >\n\t\t\t\t\t\t<div class=\"edgtf-text-wrapper \">\n\t\t\t\t\t<div class=\"edgtf-call-to-action-text\" style=\"text-align: center\"><p><span style=\"color: #ffffff;\">Qu\u2019est-ce que le Yoga Danse ?<\/span><\/p>\t\t\t\t\t\t\t\t\t\t\t<\/div>\n\t\t\t\t<\/div>\n\n\t\t\t\t\t\t\t<\/div>\n\t\t\t<\/div>\n\t<\/div>\n\t\t<\/div>\n\t\t\t\t<\/div>\n\t\t\t\t\t<\/div>\n\t\t<\/div>\n\t\t\t\t\t\t\t<\/div>\n\t\t<\/section>\n\t\t\t\t<section class=\"elementor-section elementor-top-section elementor-element elementor-element-a9edd71 elementor-section-boxed elementor-section-height-default elementor-section-height-default edgtf-elementor-container-no edgtf-section edgtf-parallax-section-holder-touch-disabled edgtf-parallax-section-no\" data-id=\"a9edd71\" data-element_type=\"section\">\n\t\t\t\t\t\t<div class=\"elementor-container elementor-column-gap-default\">\n\t\t\t\t\t<div class=\"elementor-column elementor-col-100 elementor-top-column elementor-element elementor-element-dbcc574\" data-id=\"dbcc574\" data-element_type=\"column\">\n\t\t\t<div class=\"elementor-widget-wrap elementor-element-populated\">\n\t\t\t\t\t\t\t\t<div class=\"elementor-element elementor-element-97b5de2 elementor-widget elementor-widget-text-editor\" data-id=\"97b5de2\" data-element_type=\"widget\" data-widget_type=\"text-editor.default\">\n\t\t\t\t<div class=\"elementor-widget-container\">\n\t\t\t\t\t\t\t<p>Le Yoga Danse est une rencontre entre deux univers :<\/p>\n<p>La pr\u00e9sence et la conscience du yoga, qui nous invite \u00e0 respirer, \u00e0 nous ancrer et \u00e0 nous recentrer.<\/p>\n<p>La libert\u00e9 et l\u2019expression de la danse, qui ouvre un espace de cr\u00e9ativit\u00e9, de fluidit\u00e9 et de l\u00e2cher-prise.<\/p>\n<p>Ce n\u2019est ni un cours de danse, ni une s\u00e9ance de yoga traditionnelle. C\u2019est une parenth\u00e8se unique o\u00f9 l\u2019on s\u2019autorise \u00e0 rel\u00e2cher ce qui p\u00e8se, \u00e0 \u00e9couter son corps et \u00e0 retrouver le plaisir simple de bouger en harmonie avec la musique.<\/p>\n<p><\/p>\t\t\t\t\t\t<\/div>\n\t\t\t\t<\/div>\n\t\t\t\t\t<\/div>\n\t\t<\/div>\n\t\t\t\t\t\t\t<\/div>\n\t\t<\/section>\n\t\t\t\t<section class=\"elementor-section elementor-top-section elementor-element elementor-element-140d1ca elementor-section-boxed elementor-section-height-default elementor-section-height-default edgtf-elementor-container-no edgtf-section edgtf-parallax-section-holder-touch-disabled edgtf-parallax-section-no\" data-id=\"140d1ca\" data-element_type=\"section\" data-settings=\"{&quot;background_background&quot;:&quot;classic&quot;}\">\n\t\t\t\t\t\t<div class=\"elementor-container elementor-column-gap-default\">\n\t\t\t\t\t<div class=\"elementor-column elementor-col-100 elementor-top-column elementor-element elementor-element-15c153d\" data-id=\"15c153d\" data-element_type=\"column\" data-settings=\"{&quot;background_background&quot;:&quot;classic&quot;}\">\n\t\t\t<div class=\"elementor-widget-wrap elementor-element-populated\">\n\t\t\t\t\t\t\t\t<div class=\"elementor-element elementor-element-28e4025 elementor-widget elementor-widget-edgtf_call_to_action\" data-id=\"28e4025\" data-element_type=\"widget\" data-widget_type=\"edgtf_call_to_action.default\">\n\t\t\t\t<div class=\"elementor-widget-container\">\n\t\t\t\t<div class=\"edgtf-container-inner\">\n\t<div class=\"edgtf-call-to-action normal\" style=\"background-color: #FCBF48;\">\n\n\t\t\t\t\t<div class=\"edgtf-call-to-action-row-75-25 clearfix\" >\n\t\t\t\t\t\t<div class=\"edgtf-text-wrapper \">\n\t\t\t\t\t<div class=\"edgtf-call-to-action-text\" style=\"text-align: center\"><p><span style=\"color: #ffffff;\">Pour qui ?<\/span><\/p>\t\t\t\t\t\t\t\t\t\t\t<\/div>\n\t\t\t\t<\/div>\n\n\t\t\t\t\t\t\t<\/div>\n\t\t\t<\/div>\n\t<\/div>\n\t\t<\/div>\n\t\t\t\t<\/div>\n\t\t\t\t\t<\/div>\n\t\t<\/div>\n\t\t\t\t\t\t\t<\/div>\n\t\t<\/section>\n\t\t\t\t<section class=\"elementor-section elementor-top-section elementor-element elementor-element-08e0609 elementor-section-boxed elementor-section-height-default elementor-section-height-default edgtf-elementor-container-no edgtf-section edgtf-parallax-section-holder-touch-disabled edgtf-parallax-section-no\" data-id=\"08e0609\" data-element_type=\"section\">\n\t\t\t\t\t\t<div class=\"elementor-container elementor-column-gap-default\">\n\t\t\t\t\t<div class=\"elementor-column elementor-col-50 elementor-top-column elementor-element elementor-element-113d217\" data-id=\"113d217\" data-element_type=\"column\">\n\t\t\t<div class=\"elementor-widget-wrap elementor-element-populated\">\n\t\t\t\t\t\t\t\t<div class=\"elementor-element elementor-element-a8f67de elementor-widget elementor-widget-text-editor\" data-id=\"a8f67de\" data-element_type=\"widget\" data-widget_type=\"text-editor.default\">\n\t\t\t\t<div class=\"elementor-widget-container\">\n\t\t\t\t\t\t\t<p>Le Yoga Danse est accessible \u00e0 toutes, sans pr\u00e9requis.<\/p><p>Pas besoin de savoir danser, ni d\u2019avoir pratiqu\u00e9 le yoga auparavant.<\/p><p>Il suffit d\u2019avoir envie de respirer, de se lib\u00e9rer et de s\u2019ouvrir \u00e0 soi-m\u00eame.<\/p><p>Les bienfaits du Yoga Danse<\/p><p>Chaque s\u00e9ance est un v\u00e9ritable moment de bien-\u00eatre qui permet de :<\/p><ul><li>Rel\u00e2cher les tensions accumul\u00e9es<\/li><li>Lib\u00e9rer les \u00e9motions en douceur<\/li><li>Renouer avec la joie et l\u2019\u00e9nergie vitale<\/li><li>Apaiser le mental et retrouver la s\u00e9r\u00e9nit\u00e9<\/li><\/ul><p>D\u00e9velopper une meilleure \u00e9coute et une confiance en son corps<\/p>\t\t\t\t\t\t<\/div>\n\t\t\t\t<\/div>\n\t\t\t\t\t<\/div>\n\t\t<\/div>\n\t\t\t\t<div class=\"elementor-column elementor-col-50 elementor-top-column elementor-element elementor-element-2478bc7\" data-id=\"2478bc7\" data-element_type=\"column\">\n\t\t\t<div class=\"elementor-widget-wrap elementor-element-populated\">\n\t\t\t\t\t\t\t\t<div class=\"elementor-element elementor-element-9101f47 elementor-widget elementor-widget-image\" data-id=\"9101f47\" data-element_type=\"widget\" data-widget_type=\"image.default\">\n\t\t\t\t<div class=\"elementor-widget-container\">\n\t\t\t<style>\/*! elementor - v3.5.4 - 23-01-2022 *\/\n.elementor-widget-image{text-align:center}.elementor-widget-image a{display:inline-block}.elementor-widget-image a img[src$=\".svg\"]{width:48px}.elementor-widget-image img{vertical-align:middle;display:inline-block}<\/style>\t\t\t\t\t\t\t\t\t\t\t\t<img width=\"1060\" height=\"707\" src=\"https:\/\/naturelb.lu\/wp-content\/uploads\/2025\/11\/Yoga-1280x854.jpg\" class=\"attachment-large size-large\" alt=\"\" loading=\"lazy\" srcset=\"https:\/\/naturelb.lu\/wp-content\/uploads\/2025\/11\/Yoga-1280x854.jpg 1280w, https:\/\/naturelb.lu\/wp-content\/uploads\/2025\/11\/Yoga-640x427.jpg 640w, https:\/\/naturelb.lu\/wp-content\/uploads\/2025\/11\/Yoga-768x513.jpg 768w, https:\/\/naturelb.lu\/wp-content\/uploads\/2025\/11\/Yoga-1536x1025.jpg 1536w\" sizes=\"(max-width: 1060px) 100vw, 1060px\" \/>\t\t\t\t\t\t\t\t\t\t\t\t\t\t\t<\/div>\n\t\t\t\t<\/div>\n\t\t\t\t\t<\/div>\n\t\t<\/div>\n\t\t\t\t\t\t\t<\/div>\n\t\t<\/section>\n\t\t\t\t<section class=\"elementor-section elementor-top-section elementor-element elementor-element-3b36250 elementor-section-boxed elementor-section-height-default elementor-section-height-default edgtf-elementor-container-no edgtf-section edgtf-parallax-section-holder-touch-disabled edgtf-parallax-section-no\" data-id=\"3b36250\" data-element_type=\"section\" data-settings=\"{&quot;background_background&quot;:&quot;classic&quot;}\">\n\t\t\t\t\t\t<div class=\"elementor-container elementor-column-gap-default\">\n\t\t\t\t\t<div class=\"elementor-column elementor-col-100 elementor-top-column elementor-element elementor-element-cae070c\" data-id=\"cae070c\" data-element_type=\"column\" data-settings=\"{&quot;background_background&quot;:&quot;classic&quot;}\">\n\t\t\t<div class=\"elementor-widget-wrap elementor-element-populated\">\n\t\t\t\t\t\t\t\t<div class=\"elementor-element elementor-element-ec4cd23 elementor-widget elementor-widget-edgtf_call_to_action\" data-id=\"ec4cd23\" data-element_type=\"widget\" data-widget_type=\"edgtf_call_to_action.default\">\n\t\t\t\t<div class=\"elementor-widget-container\">\n\t\t\t\t<div class=\"edgtf-container-inner\">\n\t<div class=\"edgtf-call-to-action normal\" style=\"background-color: #FCBF48;\">\n\n\t\t\t\t\t<div class=\"edgtf-call-to-action-row-75-25 clearfix\" >\n\t\t\t\t\t\t<div class=\"edgtf-text-wrapper \">\n\t\t\t\t\t<div class=\"edgtf-call-to-action-text\" style=\"text-align: center\"><p><span style=\"color: #ffffff;\">informations<\/span><\/p>\t\t\t\t\t\t\t\t\t\t\t<\/div>\n\t\t\t\t<\/div>\n\n\t\t\t\t\t\t\t<\/div>\n\t\t\t<\/div>\n\t<\/div>\n\t\t<\/div>\n\t\t\t\t<\/div>\n\t\t\t\t\t<\/div>\n\t\t<\/div>\n\t\t\t\t\t\t\t<\/div>\n\t\t<\/section>\n\t\t\t\t<section class=\"elementor-section elementor-top-section elementor-element elementor-element-f44b588 elementor-section-boxed elementor-section-height-default elementor-section-height-default edgtf-elementor-container-no edgtf-section edgtf-parallax-section-holder-touch-disabled edgtf-parallax-section-no\" data-id=\"f44b588\" data-element_type=\"section\">\n\t\t\t\t\t\t<div class=\"elementor-container elementor-column-gap-default\">\n\t\t\t\t\t<div class=\"elementor-column elementor-col-50 elementor-top-column elementor-element elementor-element-ca26cf8\" data-id=\"ca26cf8\" data-element_type=\"column\">\n\t\t\t<div class=\"elementor-widget-wrap elementor-element-populated\">\n\t\t\t\t\t\t\t\t<div class=\"elementor-element elementor-element-5af9ec9 elementor-widget elementor-widget-text-editor\" data-id=\"5af9ec9\" data-element_type=\"widget\" data-widget_type=\"text-editor.default\">\n\t\t\t\t<div class=\"elementor-widget-container\">\n\t\t\t\t\t\t\t<p>Horaires<\/p><p>Les jeudis de 18h15 \u00e0 19h45, tous les 15 jours<\/p><p>Centre Naturel Beaut\u00e9 by M\u00e9lanie \u2013 Bettembourg<\/p><p><strong>Une parenth\u00e8se rien que pour vous<\/strong><\/p><p>Le Yoga Danse est plus qu\u2019une activit\u00e9 : c\u2019est un moment pr\u00e9cieux que l\u2019on s\u2019offre pour revenir \u00e0 l\u2019essentiel, se reconnecter \u00e0 son souffle, \u00e0 son corps et \u00e0 sa lumi\u00e8re int\u00e9rieure.<\/p><p><strong>R\u00e9servez votre place d\u00e8s maintenant et laissez le mouvement vous r\u00e9v\u00e9ler\u00a0<\/strong><\/p>\t\t\t\t\t\t<\/div>\n\t\t\t\t<\/div>\n\t\t\t\t\t<\/div>\n\t\t<\/div>\n\t\t\t\t<div class=\"elementor-column elementor-col-50 elementor-top-column elementor-element elementor-element-e6c04a1\" data-id=\"e6c04a1\" data-element_type=\"column\">\n\t\t\t<div class=\"elementor-widget-wrap elementor-element-populated\">\n\t\t\t\t\t\t\t\t<div class=\"elementor-element elementor-element-e718025 elementor-widget elementor-widget-image\" data-id=\"e718025\" data-element_type=\"widget\" data-widget_type=\"image.default\">\n\t\t\t\t<div class=\"elementor-widget-container\">\n\t\t\t\t\t\t\t\t\t\t\t\t\t\t\t<img width=\"945\" height=\"522\" src=\"https:\/\/naturelb.lu\/wp-content\/uploads\/2025\/11\/image.png\" class=\"attachment-large size-large\" alt=\"\" loading=\"lazy\" srcset=\"https:\/\/naturelb.lu\/wp-content\/uploads\/2025\/11\/image.png 945w, https:\/\/naturelb.lu\/wp-content\/uploads\/2025\/11\/image-640x354.png 640w, https:\/\/naturelb.lu\/wp-content\/uploads\/2025\/11\/image-768x424.png 768w\" sizes=\"(max-width: 945px) 100vw, 945px\" \/>\t\t\t\t\t\t\t\t\t\t\t\t\t\t\t<\/div>\n\t\t\t\t<\/div>\n\t\t\t\t\t<\/div>\n\t\t<\/div>\n\t\t\t\t\t\t\t<\/div>\n\t\t<\/section>\n\t\t\t\t<section class=\"elementor-section elementor-top-section elementor-element elementor-element-ddcdeb0 elementor-section-boxed elementor-section-height-default elementor-section-height-default edgtf-elementor-container-no edgtf-section edgtf-parallax-section-holder-touch-disabled edgtf-parallax-section-no\" data-id=\"ddcdeb0\" data-element_type=\"section\" data-settings=\"{&quot;background_background&quot;:&quot;classic&quot;}\">\n\t\t\t\t\t\t<div class=\"elementor-container elementor-column-gap-default\">\n\t\t\t\t\t<div class=\"elementor-column elementor-col-100 elementor-top-column elementor-element elementor-element-f02af88\" data-id=\"f02af88\" data-element_type=\"column\" data-settings=\"{&quot;background_background&quot;:&quot;classic&quot;}\">\n\t\t\t<div class=\"elementor-widget-wrap elementor-element-populated\">\n\t\t\t\t\t\t\t\t<div class=\"elementor-element elementor-element-f7db8fb elementor-widget elementor-widget-edgtf_call_to_action\" data-id=\"f7db8fb\" data-element_type=\"widget\" data-widget_type=\"edgtf_call_to_action.default\">\n\t\t\t\t<div class=\"elementor-widget-container\">\n\t\t\t\t<div class=\"edgtf-container-inner\">\n\t<div class=\"edgtf-call-to-action normal\" style=\"background-color: #FCBF48;\">\n\n\t\t\t\t\t<div class=\"edgtf-call-to-action-row-75-25 clearfix\" >\n\t\t\t\t\t\t<div class=\"edgtf-text-wrapper edgtf-call-to-action-column1 edgtf-call-to-action-cell \">\n\t\t\t\t\t<div class=\"edgtf-call-to-action-text\" style=\"text-align: center\"><h2 style=\"text-align: left;\"><span style=\"color: #ffffff;\">Inscrivez-vous \u00e0 notre newsletter<\/span><\/h2>\t\t\t\t\t\t\t\t\t\t\t<\/div>\n\t\t\t\t<\/div>\n\n\t\t\t\t\t\t\t\t\t<div class=\"edgtf-button-wrapper edgtf-call-to-action-column2 edgtf-call-to-action-cell\" style =\"text-align:  ;\">\n\t\t\t\t\t\t<a itemprop=\"url\" href=\"http:\/\/naturelb.lu\/?page_id=19141\" target=\"_blank\" style=\"color: #FFFFFF;background-color: #FCBF48;border-color: #FFFFFF\" class=\"edgtf-btn edgtf-btn-medium edgtf-btn-solid edgtf-btn-custom-hover-bg edgtf-btn-custom-hover-color\" data-hover-bg-color=\"#FFFFFF\" data-hover-color=\"#212121\" >\t<span class=\"edgtf-btn-text\">Inscription<\/span>    <\/a>\t\t\t\t\t<\/div>\n\t\t\t\t\t\t\t<\/div>\n\t\t\t<\/div>\n\t<\/div>\n\t\t<\/div>\n\t\t\t\t<\/div>\n\t\t\t\t\t<\/div>\n\t\t<\/div>\n\t\t\t\t\t\t\t<\/div>\n\t\t<\/section>\n\t\t\t\t\t\t<\/div>\n\t\t\t\t\t<\/div>\n\t\t","protected":false},"excerpt":{"rendered":"<p>Le Yoga Danse est une pratique douce et lib\u00e9ratrice qui allie le souffle, la musique et le mouvement spontan\u00e9 du corps. Guid\u00e9 par Maud, professeur de danse et de yoga, chaque cours devient un voyage int\u00e9rieur, une exp\u00e9rience unique o\u00f9 l\u2019on se reconnecte \u00e0 soi-m\u00eame dans la fluidit\u00e9 et la joie. Qu\u2019est-ce que le Yoga&#8230;<\/p>\n","protected":false},"author":2,"featured_media":0,"parent":0,"menu_order":0,"comment_status":"closed","ping_status":"closed","template":"","meta":[],"yoast_head":"<!-- This site is optimized with the Yoast SEO plugin v19.13 - https:\/\/yoast.com\/wordpress\/plugins\/seo\/ -->\n<title>Les cours de Yoga Danse - Institut Naturel Beaut\u00e9<\/title>\n<meta name=\"robots\" content=\"index, follow, max-snippet:-1, max-image-preview:large, max-video-preview:-1\" \/>\n<link rel=\"canonical\" href=\"https:\/\/naturelb.lu\/?page_id=20520\" \/>\n<meta property=\"og:locale\" content=\"en_US\" \/>\n<meta property=\"og:type\" content=\"article\" \/>\n<meta property=\"og:title\" content=\"Les cours de Yoga Danse - Institut Naturel Beaut\u00e9\" \/>\n<meta property=\"og:description\" content=\"Le Yoga Danse est une pratique douce et lib\u00e9ratrice qui allie le souffle, la musique et le mouvement spontan\u00e9 du corps. Guid\u00e9 par Maud, professeur de danse et de yoga, chaque cours devient un voyage int\u00e9rieur, une exp\u00e9rience unique o\u00f9 l\u2019on se reconnecte \u00e0 soi-m\u00eame dans la fluidit\u00e9 et la joie. Qu\u2019est-ce que le Yoga...\" \/>\n<meta property=\"og:url\" content=\"https:\/\/naturelb.lu\/?page_id=20520\" \/>\n<meta property=\"og:site_name\" content=\"Institut Naturel Beaut\u00e9\" \/>\n<meta property=\"article:modified_time\" content=\"2025-11-18T16:10:39+00:00\" \/>\n<meta property=\"og:image\" content=\"https:\/\/naturelb.lu\/wp-content\/uploads\/2025\/11\/Yoga-1280x854.jpg\" \/>\n<meta name=\"twitter:card\" content=\"summary_large_image\" \/>\n<meta name=\"twitter:label1\" content=\"Est. reading time\" \/>\n\t<meta name=\"twitter:data1\" content=\"2 minutes\" \/>\n<script type=\"application\/ld+json\" class=\"yoast-schema-graph\">{\"@context\":\"https:\/\/schema.org\",\"@graph\":[{\"@type\":\"WebPage\",\"@id\":\"https:\/\/naturelb.lu\/?page_id=20520\",\"url\":\"https:\/\/naturelb.lu\/?page_id=20520\",\"name\":\"Les cours de Yoga Danse - Institut Naturel Beaut\u00e9\",\"isPartOf\":{\"@id\":\"https:\/\/naturelb.lu\/#website\"},\"datePublished\":\"2025-11-14T10:42:01+00:00\",\"dateModified\":\"2025-11-18T16:10:39+00:00\",\"breadcrumb\":{\"@id\":\"https:\/\/naturelb.lu\/?page_id=20520#breadcrumb\"},\"inLanguage\":\"en-US\",\"potentialAction\":[{\"@type\":\"ReadAction\",\"target\":[\"https:\/\/naturelb.lu\/?page_id=20520\"]}]},{\"@type\":\"BreadcrumbList\",\"@id\":\"https:\/\/naturelb.lu\/?page_id=20520#breadcrumb\",\"itemListElement\":[{\"@type\":\"ListItem\",\"position\":1,\"name\":\"Accueil\",\"item\":\"https:\/\/naturelb.lu\/\"},{\"@type\":\"ListItem\",\"position\":2,\"name\":\"Les cours de Yoga Danse\"}]},{\"@type\":\"WebSite\",\"@id\":\"https:\/\/naturelb.lu\/#website\",\"url\":\"https:\/\/naturelb.lu\/\",\"name\":\"Institut Naturel Beaut\u00e9\",\"description\":\"\",\"potentialAction\":[{\"@type\":\"SearchAction\",\"target\":{\"@type\":\"EntryPoint\",\"urlTemplate\":\"https:\/\/naturelb.lu\/?s={search_term_string}\"},\"query-input\":\"required name=search_term_string\"}],\"inLanguage\":\"en-US\"}]}<\/script>\n<!-- \/ Yoast SEO plugin. -->","yoast_head_json":{"title":"Les cours de Yoga Danse - Institut Naturel Beaut\u00e9","robots":{"index":"index","follow":"follow","max-snippet":"max-snippet:-1","max-image-preview":"max-image-preview:large","max-video-preview":"max-video-preview:-1"},"canonical":"https:\/\/naturelb.lu\/?page_id=20520","og_locale":"en_US","og_type":"article","og_title":"Les cours de Yoga Danse - Institut Naturel Beaut\u00e9","og_description":"Le Yoga Danse est une pratique douce et lib\u00e9ratrice qui allie le souffle, la musique et le mouvement spontan\u00e9 du corps. Guid\u00e9 par Maud, professeur de danse et de yoga, chaque cours devient un voyage int\u00e9rieur, une exp\u00e9rience unique o\u00f9 l\u2019on se reconnecte \u00e0 soi-m\u00eame dans la fluidit\u00e9 et la joie. Qu\u2019est-ce que le Yoga...","og_url":"https:\/\/naturelb.lu\/?page_id=20520","og_site_name":"Institut Naturel Beaut\u00e9","article_modified_time":"2025-11-18T16:10:39+00:00","og_image":[{"url":"https:\/\/naturelb.lu\/wp-content\/uploads\/2025\/11\/Yoga-1280x854.jpg"}],"twitter_card":"summary_large_image","twitter_misc":{"Est. reading time":"2 minutes"},"schema":{"@context":"https:\/\/schema.org","@graph":[{"@type":"WebPage","@id":"https:\/\/naturelb.lu\/?page_id=20520","url":"https:\/\/naturelb.lu\/?page_id=20520","name":"Les cours de Yoga Danse - Institut Naturel Beaut\u00e9","isPartOf":{"@id":"https:\/\/naturelb.lu\/#website"},"datePublished":"2025-11-14T10:42:01+00:00","dateModified":"2025-11-18T16:10:39+00:00","breadcrumb":{"@id":"https:\/\/naturelb.lu\/?page_id=20520#breadcrumb"},"inLanguage":"en-US","potentialAction":[{"@type":"ReadAction","target":["https:\/\/naturelb.lu\/?page_id=20520"]}]},{"@type":"BreadcrumbList","@id":"https:\/\/naturelb.lu\/?page_id=20520#breadcrumb","itemListElement":[{"@type":"ListItem","position":1,"name":"Accueil","item":"https:\/\/naturelb.lu\/"},{"@type":"ListItem","position":2,"name":"Les cours de Yoga Danse"}]},{"@type":"WebSite","@id":"https:\/\/naturelb.lu\/#website","url":"https:\/\/naturelb.lu\/","name":"Institut Naturel Beaut\u00e9","description":"","potentialAction":[{"@type":"SearchAction","target":{"@type":"EntryPoint","urlTemplate":"https:\/\/naturelb.lu\/?s={search_term_string}"},"query-input":"required name=search_term_string"}],"inLanguage":"en-US"}]}},"_links":{"self":[{"href":"https:\/\/naturelb.lu\/index.php?rest_route=\/wp\/v2\/pages\/20520"}],"collection":[{"href":"https:\/\/naturelb.lu\/index.php?rest_route=\/wp\/v2\/pages"}],"about":[{"href":"https:\/\/naturelb.lu\/index.php?rest_route=\/wp\/v2\/types\/page"}],"author":[{"embeddable":true,"href":"https:\/\/naturelb.lu\/index.php?rest_route=\/wp\/v2\/users\/2"}],"replies":[{"embeddable":true,"href":"https:\/\/naturelb.lu\/index.php?rest_route=%2Fwp%2Fv2%2Fcomments&post=20520"}],"version-history":[{"count":28,"href":"https:\/\/naturelb.lu\/index.php?rest_route=\/wp\/v2\/pages\/20520\/revisions"}],"predecessor-version":[{"id":20582,"href":"https:\/\/naturelb.lu\/index.php?rest_route=\/wp\/v2\/pages\/20520\/revisions\/20582"}],"wp:attachment":[{"href":"https:\/\/naturelb.lu\/index.php?rest_route=%2Fwp%2Fv2%2Fmedia&parent=20520"}],"curies":[{"name":"wp","href":"https:\/\/api.w.org\/{rel}","templated":true}]}}